{"id":859,"date":"2024-06-24T16:30:37","date_gmt":"2024-06-24T14:30:37","guid":{"rendered":"https:\/\/justiceexpeerience.org\/?page_id=859"},"modified":"2024-07-12T13:57:04","modified_gmt":"2024-07-12T11:57:04","slug":"communities","status":"publish","type":"page","link":"https:\/\/justiceexpeerience.org\/en\/communities\/","title":{"rendered":"Justice ExPEERience communities"},"content":{"rendered":"<p class=\"has-text-align-justify wp-block-paragraph translation-block\">On the different areas of the platform, network members can work together, in <b>coalitions<\/b> or <b>communities of practice<\/b>, maintaining the desired level of openness or confidentiality of their work.<\/p>\n\n\n\n<div style=\"height:14px\" aria-hidden=\"true\" class=\"wp-block-spacer\"><\/div>\n\n\n\n<p class=\"has-text-align-justify wp-block-paragraph translation-block\">In 2022, Justice ExPEERience saw the development of several communities of practice, made up of researchers, activists, jurists and civil society players implementing projects in different countries. On Justice ExPEERience, they deploy and coordinate joint actions for <b>monitoring<\/b> human rights violations, <b>strategic litigation<\/b> and <b>advocacy<\/b>, on a local, regional or international scale. In the confidential spaces dedicated to them, communities of practice have access to a <b>shared and collaborative library<\/b>, which members enrich to encourage the horizontal dissemination of expertise and peer-to-peer learning.<\/p>\n\n\n\n<div style=\"height:16px\" aria-hidden=\"true\" class=\"wp-block-spacer\"><\/div>\n\n\n\n<p class=\"has-text-align-justify wp-block-paragraph translation-block\" style=\"margin-top:0;margin-bottom:0\">This <b>sharing of expertise<\/b> and information also takes place in thematic areas open to all members, making Justice ExPEERience itself an <b>international, multi-sectoral community of practice<\/b>. To energize the network and nurture exchanges between members, Justice ExPEERience offers its members a monthly webinar, the <b>ExPEERience Talks<\/b>, during which a network member presents a research project, a tool or an analysis related to the promotion of human rights and access to justice.<\/p>\n\n\n\n<div style=\"height:21px\" aria-hidden=\"true\" class=\"wp-block-spacer\"><\/div>\n\n\n\n<p class=\"has-primary-color has-text-color has-link-color has-medium-font-size wp-elements-1 wp-block-paragraph\" style=\"margin-top:0;margin-right:0;margin-bottom:0;margin-left:0;padding-top:var(--wp--preset--spacing--50);padding-right:var(--wp--preset--spacing--50);padding-bottom:var(--wp--preset--spacing--50);padding-left:var(--wp--preset--spacing--50)\"><strong>Communities of practice <\/strong><\/p>\n\n\n\n<p class=\"has-text-align-justify has-background-color has-primary-background-color has-text-color has-background has-link-color wp-elements-2 wp-block-paragraph translation-block\" style=\"padding-top:var(--wp--preset--spacing--50);padding-right:var(--wp--preset--spacing--50);padding-bottom:var(--wp--preset--spacing--50);padding-left:var(--wp--preset--spacing--50)\">On Justice ExPEERience, numerous communities of practice have developed. These are based on <b>peer learning<\/b>, <b>the pooling of resources and knowledge, and ongoing collaboration<\/b>. Bringing together people from different backgrounds within communities of practice is designed both to foster horizontal capacity-building (peer learning) and to develop joint initiatives and concrete actions (litigation, advocacy, etc.). Such collaborations are based on an immediate interest in working towards a common goal, and on mutual trust between group members. One indicator of a well-functioning community of practice is the ability to mobilize the group to answer its members' questions and move the collective project forward over the long term.<\/p>\n\n\n\n<div style=\"height:15px\" aria-hidden=\"true\" class=\"wp-block-spacer\"><\/div>\n\n\n\n<p class=\"has-normal-font-size wp-block-paragraph\"><strong>A community of practice on detention in the DRC<\/strong><\/p>\n\n\n\n<p class=\"has-text-align-justify wp-block-paragraph\">For the past 3 years, a community of practice, particularly active on Justice ExPEERience, has been working on the development of strategic litigation in the field of detention in the DRC.<\/p>\n\n\n\n<div class=\"wp-block-media-text is-stacked-on-mobile\" style=\"grid-template-columns:44% auto\"><figure class=\"wp-block-media-text__media\"><img data-recalc-dims=\"1\" loading=\"lazy\" decoding=\"async\" width=\"3250\" height=\"3250\" data-attachment-id=\"505\" data-permalink=\"https:\/\/justiceexpeerience.org\/en\/?attachment_id=505\" data-orig-file=\"https:\/\/i0.wp.com\/justiceexpeerience.org\/wp-content\/uploads\/2024\/05\/1-1.png?fit=3250%2C3250&amp;ssl=1\" data-orig-size=\"3250,3250\" data-comments-opened=\"1\" data-image-meta=\"{&quot;aperture&quot;:&quot;0&quot;,&quot;credit&quot;:&quot;&quot;,&quot;camera&quot;:&quot;&quot;,&quot;caption&quot;:&quot;&quot;,&quot;created_timestamp&quot;:&quot;0&quot;,&quot;copyright&quot;:&quot;&quot;,&quot;focal_length&quot;:&quot;0&quot;,&quot;iso&quot;:&quot;0&quot;,&quot;shutter_speed&quot;:&quot;0&quot;,&quot;title&quot;:&quot;&quot;,&quot;orientation&quot;:&quot;0&quot;}\" data-image-title=\"1-1\" data-image-description=\"\" data-image-caption=\"\" data-large-file=\"https:\/\/i0.wp.com\/justiceexpeerience.org\/wp-content\/uploads\/2024\/05\/1-1.png?fit=1024%2C1024&amp;ssl=1\" src=\"https:\/\/i0.wp.com\/justiceexpeerience.org\/wp-content\/uploads\/2024\/05\/1-1.png?resize=3250%2C3250&#038;ssl=1\" alt=\"\" class=\"wp-image-505 size-full\"\/><\/figure><div class=\"wp-block-media-text__content\">\n<p class=\"has-text-align-justify wp-block-paragraph translation-block\">This working group brings together a <b>dozen lawyers<\/b> from various provinces of the DRC who, after drawing up an alarming report on the violation of the rights of incarcerated persons, decided, with the support of ASF and specialized lawyers, to launch a <b>dliability procedure against the Congolese state<\/b>  concerning <b>prison overcrowding<\/b>, <b>inhuman and degrading<\/b> detention conditions, and the <b>abusive use of arbitrary detention beyond the limits of the law<\/b>, combined with an <b>advocacy campaign<\/b> aimed at the media and local and national authorities.<\/p>\n<\/div><\/div>\n\n\n\n<p class=\"has-text-align-justify wp-block-paragraph translation-block\">Through their <b>collaborative work<\/b>, sometimes face-to-face and especially remotely, first on Slack and then on Justice ExPEERience, members of the community of practice were able to benefit from <b>capacity building<\/b> in strategic litigation, then identify cases that could constitute such litigation and <b>collectively develop<\/b> the legal means to defend these cases.<\/p>\n\n\n\n<div class=\"wp-block-media-text has-media-on-the-right is-stacked-on-mobile\" style=\"grid-template-columns:auto 44%\"><div class=\"wp-block-media-text__content\">\n<p class=\"has-text-align-justify wp-block-paragraph translation-block\"><b>In September 2020<\/b>, emblematic cases were brought to trial on the same day in 6 provinces of the DRC. Today, the lawyers continue to <b>collaborate remotely, on Justice ExPEERience<\/b>, to advance the litigation strategy. At the beginning of June 2023, they met in Kinshasa in a working group to prepare their arguments.<\/p>\n<\/div><figure class=\"wp-block-media-text__media\"><img data-recalc-dims=\"1\" loading=\"lazy\" decoding=\"async\" width=\"1024\" height=\"1024\" data-attachment-id=\"705\" data-permalink=\"https:\/\/justiceexpeerience.org\/en\/?attachment_id=705\" data-orig-file=\"https:\/\/i0.wp.com\/justiceexpeerience.org\/wp-content\/uploads\/2024\/06\/2-2.png?fit=2250%2C2250&amp;ssl=1\" data-orig-size=\"2250,2250\" data-comments-opened=\"1\" data-image-meta=\"{&quot;aperture&quot;:&quot;0&quot;,&quot;credit&quot;:&quot;&quot;,&quot;camera&quot;:&quot;&quot;,&quot;caption&quot;:&quot;&quot;,&quot;created_timestamp&quot;:&quot;0&quot;,&quot;copyright&quot;:&quot;&quot;,&quot;focal_length&quot;:&quot;0&quot;,&quot;iso&quot;:&quot;0&quot;,&quot;shutter_speed&quot;:&quot;0&quot;,&quot;title&quot;:&quot;&quot;,&quot;orientation&quot;:&quot;0&quot;}\" data-image-title=\"2-2\" data-image-description=\"\" data-image-caption=\"\" data-large-file=\"https:\/\/i0.wp.com\/justiceexpeerience.org\/wp-content\/uploads\/2024\/06\/2-2.png?fit=1024%2C1024&amp;ssl=1\" src=\"https:\/\/i0.wp.com\/justiceexpeerience.org\/wp-content\/uploads\/2024\/06\/2-2.png?resize=1024%2C1024&#038;ssl=1\" alt=\"\" class=\"wp-image-705 size-full\" srcset=\"https:\/\/i0.wp.com\/justiceexpeerience.org\/wp-content\/uploads\/2024\/06\/2-2.png?resize=1024%2C1024&amp;ssl=1 1024w, https:\/\/i0.wp.com\/justiceexpeerience.org\/wp-content\/uploads\/2024\/06\/2-2.png?resize=300%2C300&amp;ssl=1 300w, https:\/\/i0.wp.com\/justiceexpeerience.org\/wp-content\/uploads\/2024\/06\/2-2.png?resize=150%2C150&amp;ssl=1 150w, https:\/\/i0.wp.com\/justiceexpeerience.org\/wp-content\/uploads\/2024\/06\/2-2.png?resize=768%2C768&amp;ssl=1 768w, https:\/\/i0.wp.com\/justiceexpeerience.org\/wp-content\/uploads\/2024\/06\/2-2.png?resize=1536%2C1536&amp;ssl=1 1536w, https:\/\/i0.wp.com\/justiceexpeerience.org\/wp-content\/uploads\/2024\/06\/2-2.png?resize=2048%2C2048&amp;ssl=1 2048w, https:\/\/i0.wp.com\/justiceexpeerience.org\/wp-content\/uploads\/2024\/06\/2-2.png?resize=1200%2C1200&amp;ssl=1 1200w, https:\/\/i0.wp.com\/justiceexpeerience.org\/wp-content\/uploads\/2024\/06\/2-2.png?resize=800%2C800&amp;ssl=1 800w, https:\/\/i0.wp.com\/justiceexpeerience.org\/wp-content\/uploads\/2024\/06\/2-2.png?resize=600%2C600&amp;ssl=1 600w, https:\/\/i0.wp.com\/justiceexpeerience.org\/wp-content\/uploads\/2024\/06\/2-2.png?resize=400%2C400&amp;ssl=1 400w, https:\/\/i0.wp.com\/justiceexpeerience.org\/wp-content\/uploads\/2024\/06\/2-2.png?resize=200%2C200&amp;ssl=1 200w\" sizes=\"auto, (max-width: 1000px) 100vw, 1000px\" \/><\/figure><\/div>\n\n\n\n<div style=\"height:23px\" aria-hidden=\"true\" class=\"wp-block-spacer\"><\/div>\n\n\n\n<p class=\"has-text-align-justify has-medium-font-size wp-block-paragraph\"><strong>The ExPEERience Talks<\/strong><\/p>\n\n\n\n<p class=\"has-background-color has-foreground-background-color has-text-color has-background has-link-color wp-elements-3 wp-block-paragraph translation-block\" style=\"padding-top:var(--wp--preset--spacing--50);padding-right:var(--wp--preset--spacing--50);padding-bottom:var(--wp--preset--spacing--50);padding-left:var(--wp--preset--spacing--50)\">The <b>ExPEERience Talks<\/b> are <b>monthly webinars<\/b> organized to promote the <b>dissemination of expertise<\/b>  and the <b>sharing of knowledge<\/b> , on topics proposed by network members.<\/p>\n\n\n\n<div style=\"height:36px\" aria-hidden=\"true\" class=\"wp-block-spacer\"><\/div>\n\n\n\n<p class=\"has-primary-color has-text-color has-link-color has-medium-font-size wp-elements-4 wp-block-paragraph\"><strong>The ExPEERience Letter<\/strong><\/p>\n\n\n\n<p class=\"has-background-color has-primary-background-color has-text-color has-background has-link-color wp-elements-5 wp-block-paragraph translation-block\" style=\"padding-top:var(--wp--preset--spacing--50);padding-right:var(--wp--preset--spacing--50);padding-bottom:var(--wp--preset--spacing--50);padding-left:var(--wp--preset--spacing--50)\">To share, capitalize on, create and disseminate the network's new research, activities and events, a <b>monthly newsletter<\/b> - The ExPEERience Letter - is sent to all network members, in French and English, with news, events, a <b>press review<\/b>  and, occasionally, <b>exclusive articles on specific topical issues<\/b> (transitional justice in Ethiopia, coup in Niger, etc.).<\/p>","protected":false},"excerpt":{"rendered":"<p>Sur les diff\u00e9rents espaces de la plateforme, les membres du r\u00e9seau peuvent travailler ensemble, en&nbsp;coalitions&nbsp;ou&nbsp;communaut\u00e9s de pratique, en maintenant le niveau souhait\u00e9 d\u2019ouverture ou de confidentialit\u00e9 de leur travail. En 2022, Justice ExPEERience a vu se d\u00e9velopper plusieurs communaut\u00e9s de pratiques, constitu\u00e9es de chercheur.e.s, d\u2019activistes, de juristes et d\u2019acteur.rice.s de la soci\u00e9t\u00e9 civile impl\u00e9mentant des [&hellip;]<\/p>\n","protected":false},"author":237390538,"featured_media":0,"parent":0,"menu_order":0,"comment_status":"closed","ping_status":"closed","template":"xxx","meta":{"advanced_seo_description":"","jetpack_seo_html_title":"","jetpack_seo_noindex":false,"jetpack_seo_schema_type":"","_wpcom_ai_launchpad_about_page":false,"_wpcom_ai_launchpad_gallery_page":false,"_wpcom_ai_launchpad_contact_page":false,"_wpcom_ai_launchpad_events_page":false,"_wpcom_ai_launchpad_video_page":false,"_wpcom_ai_launchpad_portfolio_piece":false,"footnotes":""},"class_list":["post-859","page","type-page","status-publish","hentry"],"jetpack_likes_enabled":false,"jetpack_sharing_enabled":true,"jetpack_shortlink":"https:\/\/wp.me\/PeYfbV-dR","jetpack-related-posts":[],"_links":{"self":[{"href":"https:\/\/justiceexpeerience.org\/en\/wp-json\/wp\/v2\/pages\/859","targetHints":{"allow":["GET"]}}],"collection":[{"href":"https:\/\/justiceexpeerience.org\/en\/wp-json\/wp\/v2\/pages"}],"about":[{"href":"https:\/\/justiceexpeerience.org\/en\/wp-json\/wp\/v2\/types\/page"}],"author":[{"embeddable":true,"href":"https:\/\/justiceexpeerience.org\/en\/wp-json\/wp\/v2\/users\/237390538"}],"replies":[{"embeddable":true,"href":"https:\/\/justiceexpeerience.org\/en\/wp-json\/wp\/v2\/comments?post=859"}],"version-history":[{"count":17,"href":"https:\/\/justiceexpeerience.org\/en\/wp-json\/wp\/v2\/pages\/859\/revisions"}],"predecessor-version":[{"id":1258,"href":"https:\/\/justiceexpeerience.org\/en\/wp-json\/wp\/v2\/pages\/859\/revisions\/1258"}],"wp:attachment":[{"href":"https:\/\/justiceexpeerience.org\/en\/wp-json\/wp\/v2\/media?parent=859"}],"curies":[{"name":"wp","href":"https:\/\/api.w.org\/{rel}","templated":true}]}}

<p>Sur les différents espaces de la plateforme, les membres du réseau peuvent travailler ensemble, en&nbsp;coalitions&nbsp;ou&nbsp;communautés de pratique, en maintenant le niveau souhaité d’ouverture ou de confidentialité de leur travail. En 2022, Justice ExPEERience a vu se développer plusieurs communautés de pratiques, constituées de chercheur.e.s, d’activistes, de juristes et d’acteur.rice.s de la société civile implémentant des [&hellip;]</p>
